6, what is -1088a773 + 0?
-1088a773
In base 3, what is 122200112 + 1211020112?
2110221001
In base 2, what is -11000110100000000100110110101 - -101?
-11000110100000000100110110000
In base 7, what is -2652626 - -33?
-2652563
In base 16, what is -5 + -5df6fb?
-5df700
In base 4, what is 3031031 - -2120?
3033211
In base 11, what is 44272131 - -6?
44272137
In base 11, what is -9a720470a - -5?
-9a7204705
In base 6, what is 1112433 - 33103?
1035330
In base 3, what is -120120 + -201211210?
-202102100
In base 12, what is -22690 + 234?
-22458
In base 9, what is 203 - 2763?
-2560
In base 7, what is 223 + -26244653?
-26244430
In base 8, what is -56001726 - 1?
-56001727
In base 8, what is 1072 - -31240?
32332
In base 4, what is -1123323132 - -1022?
-1123322110
In base 11, what is -91047 - 1159?
-921a5
In base 15, what is 4 + -b2381c?
-b23818
In base 6, what is 0 - -213421553?
213421553
In base 16, what is 11a3e76 - 2?
11a3e74
In base 11, what is -2 - 10674051?
-10674053
In base 6, what is -4 - -240350435?
240350431
In base 12, what is 1aa + 1265?
1453
In base 8, what is 52763 + -676?
52065
In base 6, what is 21300 + -1031334?
-1010034
In base 16, what is 5 + 10c6238?
10c623d
In base 14, what is -4da - 2991?
-308b
In base 7, what is -220556 + -5042?
-225631
In base 12, what is -8 - 683766?
-683772
In base 6, what is -13 + 4501332051?
4501332034
In base 4, what is -200211221 - 2131?
-200220012
In base 7, what is 3 - 52454114?
-52454111
In base 3, what is -2211 + 10021020?
10011102
In base 4, what is 12 - 1101010012000?
-1101010011322
In base 2, what is -11111010101111011011101 - 11001?
-11111010101111011110110
In base 12, what is -117 - -264425?
26430a
In base 11, what is 5 - 6144619?
-6144614
In base 2, what is -100111 + 111011001000010001100001?
111011001000010000111010
In base 8, what is -27 + -3320146?
-3320175
In base 3, what is 11111022011 + -202110?
11110112201
In base 9, what is 12677 - -17813?
31601
In base 14, what is 0 + -3d2798?
-3d2798
In base 3, what is -222100100 - 112121?
-222212221
In base 10, what is -17537 + 1934?
-15603
In base 11, what is -3003 - 65759?
-68761
In base 11, what is 81 - 10280973?
-102808a2
In base 7, what is -52006 - -1564?
-50112
In base 10, what is -2602116 - 7?
-2602123
In base 4, what is 2101232001 + -31013?
2101200322
In base 6, what is 31022 + 5231?
40253
In base 10, what is -9 + -9708195?
-9708204
In base 2, what is -101 - -11101011011000000011111?
11101011011000000011010
In base 5, what is 111311001024 - -2?
111311001031
In base 10, what is 19252 - -71?
19323
In base 11, what is -51837164 + -1?
-51837165
In base 12, what is 4285 - -b216?
1349b
In base 6, what is -11535055201 + -1?
-11535055202
In base 11, what is 137a79 - -468?
138436
In base 11, what is 448 - -246?
693
In base 3, what is 1002201 - 121002112?
-112222211
In base 13, what is -a7 + -5888?
-5962
In base 7, what is -3 + -64462224?
-64462230
In base 14, what is 453 + -2d944?
-2d4d1
In base 5, what is -2104014421 - -31?
-2104014340
In base 4, what is -10 + -1121032023210?
-1121032023220
In base 7, what is -213103 + 31504?
-151266
In base 15, what is 239e61 - -6?
239e67
In base 8, what is 2 - 474627364?
-474627362
In base 12, what is -70 + -34637?
-346a7
In base 8, what is 4 - 77725512?
-77725506
In base 2, what is 11011011000010111011000 + 10?
11011011000010111011010
In base 11, what is -6259657 + 3?
-6259654
In base 5, what is -13430423343 - -4?
-13430423334
In base 3, what is -12 + -1200221000001000?
-1200221000001012
In base 12, what is -2 + 237213?
237211
In base 13, what is -10a + -2596a?
-25a77
In base 3, what is -11012002220 - -20002?
-11011212211
In base 4, what is -3110 + -32011103?
-32020213
In base 12, what is -1074 + -1473?
-2527
In base 6, what is -3 - -120524001?
120523554
In base 12, what is -367 + 360?
-7
In base 6, what is 1215543442 + 40?
1215543522
In base 4, what is -330333301233 - -11?
-330333301222
In base 9, what is -201553 - 1406?
-203060
In base 5, what is 11 + -200441413131?
-200441413120
In base 9, what is 474864 + -36?
474827
In base 8, what is 11614 + -1362?
10232
In base 16, what is -3f65fd6 - -1?
-3f65fd5
In base 11, what is -351a - 1259a?
-16009
In base 10, what is 41114565 + 3?
41114568
In base 6, what is 1 + 3215222452?
3215222453
In base 9, what is -32 + -154724?
-154756
In base 2, what is -1010110100011 + 11110110111100?
10100000011001
In base 9, what is 123 + 1253165?
1253288
In base 3, what is 0 + -1101212001222211?
-1101212001222211
In base 11, what is -5 + 4762a60?
4762a56
In base 5, what is -20 - -301300240?
301300220
In base 3, what is -1011012 + -1001020012?
-1002101101
In base 8, what is 610 - -141073?
141703
In base 6, what is 20203 + -45550?
-25343
In base 9, what is 7 - -15147?
15155
In base 8, what is 2131 - -155457?
157610
In base 11, what is -15 - 2a8002a?
-2a80044
In base 16, what is 97 + b665e?
b66f5
In base 7, what is 5065 - -266054?
304152
In base 12, what is -1 - 25b0628?
-25b0629
In base 9, what is 38 - -15140?
15178
In base 5, what is 42324 + 243?
43122
In base 16, what is 16c356 + 1?
16c357
In base 4, what is 2 - -11221233230?
11221233232
In base 2, what is -10100010011 - 110011001001001?
-110101101011100
In base 6, what is 423230 + -2501?
420325
In base 11, what is 769569 - -5?
769573
In base 12, what is 1 - 59380877?
-59380876
In base 15, what is -3048ad5 + 1?
-3048ad4
In base 14, what is -3b + -22c4aa?
-22c507
In base 4, what is 3031 - 2303221?
-2300130
In base 13, what is -457 - -9a0a?
9583
In base 10, what is -106555927 + 4?
-106555923
In base 4, what is -1200232 + 12130313?
10330021
In base 13, what is a7294 + -37?
a725a
In base 16, what is -20d69a7 - -5?
-20d69a2
In base 2, what is 1000101011110100101 + -11101100?
1000101011010111001
In base 12, what is -8 + 178062?
178056
In base 11, what is -217 + -4686a0?
-468907
In base 10, what is -67699 + 8241?
-59458
In base 4, what is 1 - -1012330231032?
1012330231033
In base 2, what is 1001101001101111 - -110110?
1001101010100101
In base 10, what is 19192975 - 0?
19192975
In base 12, what is -3 - -171042?
17103b
In base 5, what is -411014 + -14132?
-430201
In base 10, what is -2360653 + -108?
-2360761
In base 2, what is 10111110110101001 - -10010110100?
11000001001011101
In base 15, what is -a1 + 15841?
15790
In base 8, what is -11 - 34101775?
-34102006
In base 15, what is -9b + -1767?
-1813
In base 2, what is 11011000101 + -11001110110?
1001111
In base 5, what is -121321141 + 10?
-121321131
In base 16, what is 4 - 220260d?
-2202609
In base 11, what is 0 - 126197a?
-126197a
In base 7, what is -535 + -121650?
-122515
In base 12, what is 306 - 340b8?
-339b2
In base 10, what is 5 + 7534054?
7534059
In base 12, what is -3824 + -1085?
-48a9
In base 13, what is -1680564 - -1?
-1680563
In base 9, what is -4 - -448320662?
448320657
In base 7, what is -4 + 34112000?
34111663
In base 8, what is -4104 - -72444?
66340
In base 6, what is 54323044522 + -4?
54323044514
In base 7, what is 120601 - -1220?
122121
In base 13, what is -26 + -139180?
-1391a6
In base 14, what is -303a037 + -1?
-303a038
In base 2, what is 111101000110101 + -11101111011?
111001010111010
In base 7, what is -105 + -6000?
-6105
In base 10, what is -5647 + -1575?
-7222
In base 13, what is 2 - -c6388a5?
c6388a7
In base 3, what is 2100002201121020 + 21?
2100002201121111
In base 12, what is 49857 + -3bbb?
45858
In base 5, what is -100130 + -114044?
-214224
In base 8, what is 0 - 1210560623?
-1210560623
In base 4, what is -11 + -11012021301210?
-11012021301221
In base 14, what is -4228cc0 + 1?
-4228cbd
In base 6, what is 4 - -301045124?
301045132
In base 11, what is -180 - -978316?
978146
In base 16, what is 4 + 58a0a0?
58a0a4
In base 6, what is -202255533 + -102?
-202300035
In base 5, what is -3311201 + -111134?
-3422340
In base 12, what is -4a611b8 - 1?
-4a611b9
In base 9, what is -32354138 - 3?
-32354142
In base 16, what is a3 + -12202b?
-121f88
In base 3, what is -21010000 + -10220201020?
-11011211020
In base 12, what is -1629ba + -14?
-162a12
In base 13, what is -4260a45 + -10?
-4260a55
In base 8, what is 23 + 115324?
115347
In base 7, what is -43563256 - 2?
-43563261
In base 8, what is 2 + 1055730?
1055732
In base 13, what is -2920897 - -3?
-2920894
In base 6, what is 11015320344 + 10?
1